he units digit of 11009931?
1
What is the millions digit of 22498520?
2
What is the thousands digit of 20585477?
5
What is the ten thousands digit of 51625?
5
What is the tens digit of 173762?
6
What is the tens digit of 164435?
3
What is the tens digit of 4059136?
3
What is the ten thousands digit of 21077443?
7
What is the ten thousands digit of 420420?
2
What is the tens digit of 1642649?
4
What is the ten thousands digit of 4656278?
5
What is the thousands digit of 2143526?
3
What is the hundreds digit of 739095?
0
What is the hundred thousands digit of 1669645?
6
What is the ten millions digit of 17158561?
1
What is the tens digit of 2496218?
1
What is the millions digit of 2333854?
2
What is the millions digit of 15441858?
5
What is the millions digit of 3389293?
3
What is the units digit of 587340?
0
What is the thousands digit of 442809?
2
What is the ten thousands digit of 902484?
0
What is the thousands digit of 9204782?
4
What is the units digit of 198665?
5
What is the tens digit of 21893?
9
What is the hundreds digit of 9266673?
6
What is the units digit of 5083463?
3
What is the hundred thousands digit of 10650408?
6
What is the thousands digit of 5399308?
9
What is the thousands digit of 140925?
0
What is the ten thousands digit of 3583833?
8
What is the tens digit of 1584?
8
What is the tens digit of 9414244?
4
What is the ten thousands digit of 798898?
9
What is the ten thousands digit of 242104?
4
What is the thousands digit of 1285468?
5
What is the ten thousands digit of 7276372?
7
What is the hundred thousands digit of 7872392?
8
What is the ten thousands digit of 1435057?
3
What is the ten thousands digit of 130994?
3
What is the units digit of 2690501?
1
What is the units digit of 1175251?
1
What is the ten thousands digit of 516719?
1
What is the hundreds digit of 652798?
7
What is the tens digit of 179616?
1
What is the ten thousands digit of 107426?
0
What is the ten thousands digit of 814144?
1
What is the ten thousands digit of 3466612?
6
What is the ten thousands digit of 682959?
8
What is the thousands digit of 147722?
7
What is the hundreds digit of 1378822?
8
What is the tens digit of 2545084?
8
What is the ten thousands digit of 5533652?
3
What is the thousands digit of 15134271?
4
What is the units digit of 15806485?
5
What is the ten thousands digit of 910389?
1
What is the thousands digit of 1585420?
5
What is the hundred thousands digit of 2238921?
2
What is the ten thousands digit of 710096?
1
What is the units digit of 4488926?
6
What is the ten thousands digit of 392590?
9
What is the tens digit of 160367?
6
What is the ten millions digit of 14356964?
1
What is the thousands digit of 16343524?
3
What is the units digit of 952487?
7
What is the ten thousands digit of 16837?
1
What is the hundred thousands digit of 771794?
7
What is the units digit of 62906?
6
What is the units digit of 21581791?
1
What is the hundred thousands digit of 34395473?
3
What is the thousands digit of 3290993?
0
What is the units digit of 459339?
9
What is the hundreds digit of 12104716?
7
What is the thousands digit of 680616?
0
What is the hundreds digit of 860879?
8
What is the ten thousands digit of 1583379?
8
What is the millions digit of 4956736?
4
What is the thousands digit of 418420?
8
What is the millions digit of 6481787?
6
What is the thousands digit of 163014?
3
What is the hundreds digit of 2057991?
9
What is the millions digit of 2042017?
2
What is the hundreds digit of 1501128?
1
What is the units digit of 1703683?
3
What is the units digit of 242659?
9
What is the hundreds digit of 97475?
4
What is the millions digit of 5243810?
5
What is the hundreds digit of 244484?
4
What is the tens digit of 2953899?
9
What is the thousands digit of 245772?
5
What is the millions digit of 2883420?
2
What is the hundreds digit of 23959?
9
What is the millions digit of 6372514?
6
What is the tens digit of 1986973?
7
What is the units digit of 7156328?
8
What is the hundreds digit of 35121?
1
What is the thousands digit of 67686?
7
What is the hundred thousands digit of 41570509?
5
What is the hundreds digit of 786734?
7
What is the units digit of 362051?
1
What is the ten thousands digit of 30582?
3
What is the hundred thousands digit of 1094030?
0
What is the units digit of 46356?
6
What is the thousands digit of 3092470?
2
What is the millions digit of 1157525?
1
What is the thousands digit of 307055?
7
What is the thousands digit of 227791?
7
What is the hundreds digit of 10457830?
8
What is the hundreds digit of 33065?
0
What is the hundreds digit of 389934?
9
What is the millions digit of 2780741?
2
What is the tens digit of 906981?
8
What is the tens digit of 2299622?
2
What is the tens digit of 227895?
9
What is the thousands digit of 3451674?
1
What is the millions digit of 4205877?
4
What is the units digit of 706735?
5
What is the hundreds digit of 1595302?
3
What is the units digit of 515868?
8
What is the thousands digit of 20332463?
2
What is the millions digit of 1807215?
1
What is the millions digit of 6413026?
6
What is the ten thousands digit of 2071190?
7
What is the units digit of 2609115?
5
What is the units digit of 259230?
0
What is the units digit of 19119?
9
What is the units digit of 631020?
0
What is the hundred thousands digit of 6650933?
6
What is the hundreds digit of 522765?
7
What is the tens digit of 940442?
4
What is the hundreds digit of 729670?
6
What is the thousands digit of 404259?
4
What is the hundreds digit of 56532?
5
What is the thousands digit of 20108216?
8
What is the ten thousands digit of 199075?
9
What is the hundreds digit of 334970?
9
What is the hundred thousands digit of 2603018?
6
What is the ten thousands digit of 267239?
6
What is the ten thousands digit of 198932?
9
What is the tens digit of 5931900?
0
What is the hundreds digit of 1831020?
0
What is the units digit of 170914?
4
What is the hundreds digit of 812263?
2
What is the tens digit of 33486668?
6
What is the millions digit of 11255570?
1
What is the ten millions digit of 20946003?
2
What is the hundred thousands digit of 3903309?
9
What is the ten thousands digit of 225853?
2
What is the ten thousands digit of 4050120?
5
What is the hundred thousands digit of 488196?
4
What is the ten thousands digit of 20546?
2
What is the tens digit of 7299909?
0
What is the hundred thousands digit of 351069?
3
What is the tens digit of 491158?
5
What is the hundred thousands digit of 3825822?
8
What is the millions digit of 11651732?
1
What is the thousands digit of 1366720?
6
What is the ten thousands digit of 1685048?
8
What is the thousands digit of 5474040?
4
What is the hundreds digit of 1065637?
6
What is the ten thousands digit of 1380416?
8
What is the millions digit of 2751172?
2
What is the tens digit of 6671604?
0
What is the ten thousands digit of 28723530?
2
What is the hundred thousands digit of 270133?
2
What is the thousands digit of 343333?
3
What is the units digit of 1982713?
3
What is the hundred thousands digit of 7912818?
9
What is the units digit of 12305329?
9
What is the hundreds digit of 6035561?
5
What is the tens digit of 3828632?
3
What is the ten thousands digit of 255817?
5
What is the ten thousands digit of 853899?
5
What is the thousands digit of 833393?
3
What is the units digit of 1948921?
1
What is the hundreds digit of 18576303?
3
What is the units digit of 423985?
5
What is the hundred thousands digit of 988410?
9
What is the ten thousands digit of 541724?
4
What is the ten thousands digit of 1533676?
3
What is the tens digit of 853312?
1
What is the thousands digit of 15342102?
2
What is the millions digit of 3915902?
3
What is the hundred thousands digit of 15129372?
1
What is the millions digit of 11421434?
1
What is the ten thousands digit of 4981729?
8
What is the thousands digit of 674861?
4
What is the hundreds digit of 8705372?
3
What is the thousands digit of 323933?
3
What is the units digit of 15432?
2
What is the tens digit of 6404?
0
What is the ten thousands digit of 240591?
4
What is the hundreds digit of 330158?
1
What is the ten thousands digit of 851386?
5
What is the tens digit of 143770?
7
What is the thousands digit of 29169701?
9
What is the hundreds digit of 15